?
False
Let i be ((-10)/(-4))/(-5)*-2. Is (3 - 3 - i) + 2334 prime?
True
Is (-549)/(-12) - (-3)/12 prime?
False
Let n(g) = -2*g + 2. Is n(-6) a prime number?
False
Let l(v) = 4*v**2 + 1. Let j be l(-1). Let n(x) = 5*x. Is n(j) composite?
True
Suppose 2*k - 13 - 15 = 0. Is k prime?
False
Let q(p) = -4*p**3 - 10*p**2 - 6*p + 6. Let w(z) be the third derivative of z**6/120 + z**5/60 + z**2. Let o(b) = q(b) + 5*w(b). Is o(6) prime?
False
Is -7*6/(-147) + 23390/14 a prime number?
False
Let m = -42 + 62. Suppose 3*u - z = -u + 343, 0 = 4*z - m. Is u prime?
False
Is 4/10 - ((-6666)/10 + -2) composite?
True
Let q(a) = -a**3 + 2*a**2 + 2*a + 1. Let h be q(-2). Suppose h + 9 = 2*r. Is r a composite number?
False
Suppose 0 = 3*f - 1 + 19. Is (-316)/f + (-4)/(-12) a prime number?
True
Suppose 3*h + 13 = 4*o, o = 5*h - 6*h + 5. Suppose -o*u + u + 63 = 0. Is u composite?
True
Suppose h + 4*p = 222, 3*p + 488 = -4*h + 1324. Is h composite?
True
Let h = 1 + 0. Let t be 17 - (-3 + 6) - h. Let b = -4 + t. Is b a prime number?
False
Let u be -230 - ((-10)/2 - -2). Let v = -100 - u. Is v a composite number?
False
Let w be 2*((-9)/6)/3. Let y be 0/(-1*1/w). Suppose 53 - 8 = d - 4*g, y = -5*g - 15. Is d a composite number?
True
Suppose -1148 = 36*s - 40*s. Is s a composite number?
True
Let s be 28/(2 - 14/8). Let w = s + -41. Is w prime?
True
Let g be (-4 - -1)/((-9)/(-6)). Is g/((2/15)/(-1)) a prime number?
False
Suppose -i - q = -6*q + 47, -4*i = q + 104. Let b = -88 - i. Let m = b + 152. Is m prime?
False
Suppose 5*b + 257 = 812. Is b a composite number?
True
Suppose 0*r + 7 = -r. Let j(p) = -p**2 + p + 5. Let z(b) = -2*b**2 + 3*b + 10. Let t(g) = -13*j(g) + 6*z(g). Is t(r) a composite number?
True
Suppose 5*n - 50 = 2*m - 0*m, -4*m = 3*n - 4. Let g = 9 - n. Suppose -q + g + 9 = 0. Is q a prime number?
False
Let t = -1424 - -1999. Suppose 0*j = -5*j + t. Is j prime?
False
Suppose -24966 = -2*o - 856. Is o a composite number?
True
Suppose 427 = 2*b - w, -3*b - 2*w - 133 + 756 = 0. Let z be (0 + (-122)/(-6))*3. Suppose 4*i - s - 2*s - b = 0, -i = 2*s - z. Is i composite?
True
Suppose -4*d + 2 = 154. Is (d/4)/((-2)/4) composite?
False
Let t(x) = x**2 + 3*x - 1. Let k(c) = c**3 + 8*c**2 + 6*c - 5. Let b be k(-7). Suppose 3*w + 5 = 2*r + 20, w - 5 = -b*r. Is t(w) prime?
False
Let k(y) = -2*y**3 - 13*y**2 - 12*y + 8. Let d be k(-9). Suppose -c + 134 = -2*g + d, -4*g + 759 = c. Is g a composite number?
False
Suppose 2*p + 171 = 2*o - 3609, 9449 = 5*o - 4*p. Suppose 4*t + 2*v + 3*v = -o, 3*v - 1849 = 4*t. Let k = -317 - t. Is k prime?
True
Let g(c) = 10*c**3 - c**2 - 2*c - 1. Suppose a + 2 = -a. Let d be g(a). Let r = 39 - d. Is r a composite number?
True
Suppose -3*u - 177 - 507 = -2*i, -3*i + 5*u = -1027. Is i a composite number?
True
Suppose 3*a - 2*t = -2*a + 6837, t - 1366 = -a. Is a prime?
True
Suppose -c - d = 3*c - 83, -7 = -c - 3*d. Let a = c - -75. Is a prime?
True
Let i = -19063 + 29258. Is i a prime number?
False
Let a = -1 + 11. Suppose a = 2*m - 20. Let h = 21 - m. Is h prime?
False
Suppose l - 78 - 67 = 0. Suppose -5*d - 35 = -l. Is d a prime number?
False
Suppose 249 + 127 = 2*o. Is 3/(-2)*o/(-3) prime?
False
Let m(j) = 8*j - 3. Suppose -5 + 1 = -2*k. Suppose 3*d = k*d + 10. Is m(d) a composite number?
True
Let o be 89/3 + (-4)/(-12). Let b(w) = w**3 + 16. Let x be b(0). Let d = o - x. Is d composite?
True
Suppose 1034 = 5*c - 296. Let j = 538 - c. Suppose 0 = 2*q - 2, 5*q = 4*m - j + 89. Is m a composite number?
False
Let b(f) = -239*f + 23. Is b(-6) a prime number?
False
Let w(o) = -o**2 - 19*o + 13. Suppose 0*v - 2*v - 28 = 0. Is w(v) a composite number?
False
Suppose 0*h - 300 = -2*h. Suppose -2*q = 4*k - 90, 0*k + 2*k - h = -4*q. Is q a composite number?
True
Let t be ((-2)/5)/(4/(-20)). Let x = -97 + 335. Suppose t*d - x = 184. Is d a composite number?
False
Let b(z) = 40*z + 1. Let j(a) = -79*a - 2. Let w(s) = 5*b(s) + 2*j(s). Suppose -3*y = 4*g - 14, -5*y + 0 + 4 = -3*g. Is w(g) a composite number?
True
Suppose 5*k = 5*i - 60, -4*k + 9 = -6*k - 3*i. Let w be (136/(-6))/((-2)/k). Let g = w - -155. Is g a composite number?
False
Suppose 0 = 5*d + 5. Let o = 3 + d. Suppose 3*p - o*p = 127. Is p a composite number?
False
Let r(y) = -y + 9. Let b be r(5). Let q(c) = -b - 2 - 1 - 4*c. Is q(-7) prime?
False
Let n(i) = i + 4. Let w be n(-2). Suppose -4*b - c + 381 = -2*b, -w*b + 2*c + 384 = 0. Is b a prime number?
True
Let z(g) = -203*g + 44. Is z(-7) prime?
False
Suppose 1 = 2*n - n. Suppose -2*z = -n + 7. Let i(d) = 14*d**2 + 5*d + 2. Is i(z) composite?
False
Suppose k - 12 = -3*j, 0 = k + j - 11 - 11. Suppose 0*c = 3*c - k. Is c - (-1 - -5)/(-2) composite?
False
Let l(d) be the third derivative of 19*d**5/60 - d**4/12 + d**3/6 + d**2. Let p be l(1). Is (-4)/p - (-1556)/36 a prime number?
True
Suppose -3*k + 8571 = 456. Is k a prime number?
False
Let v = 1082 + -345. Is v prime?
False
Is -12 + 687 + 4 + 0 composite?
True
Suppose -3*s + 0*s = 9. Let w = s - -3. Is w + (-1 - 21)/(-2) a composite number?
False
Let y = 52 + -94. Suppose -s = -4*s + 6. Is y/12*(-4)/s prime?
True
Suppose -4*l - 744 = 4. Let c = -100 - l. Is c a prime number?
False
Let h(s) = -52*s - 9. Is h(-5) composite?
False
Let y be 44/11 + (0 - 4). Suppose y = -5*s + 40 + 55. Is s composite?
False
Let y = 7 - -19. Suppose 0 = -x - 0 + y. Let m = x + -17. Is m prime?
False
Let h be 2/((8/(-194))/2). Is (-10)/25 - h/5 a composite number?
False
Let x = 3 + 0. Suppose x*q - 184 - 53 = 0. Is q prime?
True
Let g(j) = 0 + 8 + j**3 + 8*j + 4*j**2 + j**2 + 2*j**2. Let d be g(-6). Is (d/6)/((-4)/42) a composite number?
False
Let v = -4 - -3. Let p(k) = 191*k**2 + k. Let j be p(v). Let h = j - 95. Is h a prime number?
False
Is (-11498)/(-10) - (5 - 105/25) a prime number?
False
Let a(d) = 28*d - 27. Is a(13) a composite number?
False
Let s be 54/10 - 2/5. Let y = 7 - s. Suppose -y*b + 11 + 3 = 0. Is b prime?
True
Let n = 651 + 117. Let d(o) = 5*o**2 - 2*o - 1. Let k be d(-2). Suppose k = -5*i + n. Is i prime?
True
Suppose 0 = 3*c - 9, -2*p = 3*c - 2*c - 7. Suppose 4*t = -2*r + 170, 133 + 52 = p*r - t. Is r a composite number?
True
Let o = -258 + 475. Is o prime?
False
Let q(g) = -4*g + 1. Let a be q(-1). Suppose p - 6*p - 4*d + 15 = 0, 4*p - a*d - 12 = 0. Is (111/9)/(p/9) composite?
False
Suppose 0*w - 30 = -3*z + 4*w, 4*w = z - 18. Suppose 0 = -6*f + f + b + 52, 3*b + z = 0. Is -1*7/(-2)*f composite?
True
Suppose 0*h + 2*h + 4 = 0. Let n = h + 9. Is n a prime number?
True
Let m(f) = -3 - 4*f - 2*f + 0*f + 4. Is m(-9) a prime number?
False
Suppose 2*h + 720 = h. Let s = h - 46. Is 2/(-3) + s/(-6) a composite number?
False
Let u = -238 - -905. Is u a prime number?
False
Let w = 1 + 4. Let f(v) = 29*v**2 - v. Let m be f(1). Suppose 2*s - 61 = 2*p - w*p, -p = s - m. Is s composite?
False
Let j = -1 - -5. Suppose 133 = -j*l + 593. Is l composite?
True
Suppose 0 = d - 5*g - 0*g - 18, -2*d + 2*g = -12. Suppose d*u = 2*u + 1. Is 0 + 37 + (1 - u) a prime number?
True
Suppose 0 = -2*u - 2*u - 80. Let t be (-1)/4 + 1435/u. Let s = 125 + t. Is s a composite number?
False
Suppose 3*j + 0*p = 3*p + 2223, -2958 = -4*j + p. Is j composite?
False
Let i(p) = p**3 - 8*p**2 + 10. Let y(a) = -7*a**2 + 9. Let l(r) = 5*i(r) - 6*y(r). Let q be 0 + 1*(3 + 0). Is l(q) prime?
True
Let f(a) = a**3 - 3*a**2 + a - 25. Is f(6) a composite number?
False
Suppose -5*r = 3*g - 5158, -2*r = -0*r - g - 2061. Is r prime?
True
Suppose -2*h - 30 = -276. Is h a composite number?
True
Let y(j) = 47*j - 1. Let z be y(1). Let s = z - -147. Suppose 5*q - 5*i - s = -4*i, 3*q = 2*i + 113. Is q a prime number?
False
Let k = -160 + 260. Let o be (-141)/(-2)*(-2)/(-3). Let x = k - o. Is x composite?
False
Suppose -3 - 9 = -3*l. Let o = l - -19. Is o composite?
False
Let v be 13/2 + 2/(-4). Suppose -v = -r - r. Suppose -4*w = -2*z - 84, 0 = -r*w + 4*z - 35 + 108. Is w composite?
False
Suppose 7*c - 4*c - 2*h = 2866, -4*c - 2*h = -3840. Is c prime?
False
Let u(z) = -z**3 + z**2 + 119. Let a be 7 - (2 + -3) - 3. Suppose a*d = 3*d. Is u(d) a prime number?
False
Suppose 3*v = -30 + 135. Is v composite?
True
Suppose -4965 = -8*j + 3*j. Is j prime?
False
Let r = 1 + 11. Let h be 113/(-4) + 3/r. Let k = 9 - h. Is k a composite number?
False
Let q(y